{"id":865,"date":"2021-03-19T07:47:31","date_gmt":"2021-03-19T06:47:31","guid":{"rendered":"https:\/\/aurora-experience.com\/?page_id=865"},"modified":"2022-04-08T15:31:46","modified_gmt":"2022-04-08T13:31:46","slug":"kolacici","status":"publish","type":"page","link":"https:\/\/aurora-experience.com\/?page_id=865","title":{"rendered":"Kola\u010di\u0107i"},"content":{"rendered":"\t\t<div data-elementor-type=\"wp-page\" data-elementor-id=\"865\" class=\"elementor elementor-865\" data-elementor-settings=\"[]\">\n\t\t\t\t\t\t<div class=\"elementor-inner\">\n\t\t\t\t\t\t\t<div class=\"elementor-section-wrap\">\n\t\t\t\t\t\t\t<section class=\"elementor-section elementor-top-section elementor-element elementor-element-369adb2c elementor-section-stretched elementor-section-boxed elementor-section-height-default elementor-section-height-default\" data-id=\"369adb2c\" data-element_type=\"section\" data-settings=\"{&quot;stretch_section&quot;:&quot;section-stretched&quot;,&quot;background_background&quot;:&quot;classic&quot;}\">\n\t\t\t\t\t\t<div class=\"elementor-container elementor-column-gap-extended\">\n\t\t\t\t\t\t\t<div class=\"elementor-row\">\n\t\t\t\t\t<div class=\"elementor-column elementor-col-100 elementor-top-column elementor-element elementor-element-6f18bb12 sc_inner_width_none sc_layouts_column_icons_position_left\" data-id=\"6f18bb12\" data-element_type=\"column\">\n\t\t\t<div class=\"elementor-column-wrap elementor-element-populated\">\n\t\t\t\t\t\t\t<div class=\"elementor-widget-wrap\">\n\t\t\t\t\t\t<div class=\"elementor-element elementor-element-37222259 sc_fly_static elementor-widget elementor-widget-trx_sc_title\" data-id=\"37222259\" data-element_type=\"widget\" data-widget_type=\"trx_sc_title.default\">\n\t\t\t\t<div class=\"elementor-widget-container\">\n\t\t\t<div id=\"trx_sc_title_392865153\"\n\t\tclass=\"sc_title sc_title_decoration\"><h1 class=\"sc_item_title sc_title_title sc_align_center sc_item_title_style_decoration sc_item_title_tag\"><span class=\"sc_item_title_text\">Kola\u010di\u0107i<\/span><\/h1><\/div><!-- \/.sc_title -->\t\t<\/div>\n\t\t\t\t<\/div>\n\t\t\t\t<div class=\"elementor-element elementor-element-d3c5225 sc_fly_static elementor-widget elementor-widget-text-editor\" data-id=\"d3c5225\" data-element_type=\"widget\" data-widget_type=\"text-editor.default\">\n\t\t\t\t<div class=\"elementor-widget-container\">\n\t\t\t\t\t\t\t\t<div class=\"elementor-text-editor elementor-clearfix\">\n\t\t\t\t<h3>\u0160to su kola\u010di\u0107i (eng. cookies)?<\/h3><p>Kola\u010di\u0107i su mali dijelovi podataka, pohranjeni u tekstualne datoteke, koji se pohranjuju na va\u0161e ra\u010dunalo ili drugi ure\u0111aj kada se web stranice u\u010ditavaju u preglednik.<\/p><p>Oni se \u0161iroko koriste za \u2018pam\u0107enje\u2019 vas i va\u0161ih preferencija, bilo za jedan posjet putem \u201ekola\u010di\u0107a sesije\u201c ili za vi\u0161e ponovljenih posjeta pomo\u0107u \u201etrajnog kola\u010di\u0107a\u201c. Oni osiguravaju dosljedno i u\u010dinkovito iskustvo za posjetitelje te obavljaju bitne funkcije poput omogu\u0107avanja korisnicima da se registriraju i ostanu prijavljeni.<\/p><p>Kola\u010di\u0107e mo\u017ee postaviti web lokacija koju posje\u0107ujete, poznata kao \u2018kola\u010di\u0107i prve strane; ili tre\u0107e strane, poput onih koje poslu\u017euju sadr\u017eaj ili pru\u017eaju usluge ogla\u0161avanja ili analitike na web mjestu, poznate kao \u201ekola\u010di\u0107i tre\u0107e strane\u201c.<\/p><p>I web stranice i HTML e-adrese mogu sadr\u017eavati i druge tehnologije za pra\u0107enje poput &#8220;web beacons&#8221; ili &#8220;piksela&#8221;. To su obi\u010dno male prozirne slike koje nam pru\u017eaju statistiku za sli\u010dne svrhe kao i kola\u010di\u0107i. \u010cesto se koriste zajedno s kola\u010di\u0107ima, iako se na isti na\u010din ne pohranjuju na va\u0161em ra\u010dunalu. Ako onemogu\u0107ite kola\u010di\u0107e, web-svjetionici mogu se i dalje u\u010ditavati, ali njihova \u0107e funkcija biti ograni\u010dena.<\/p><h3>Koje kola\u010di\u0107e koristimo<\/h3><p>Ova web stranica kola\u010di\u0107e koristi na razne na\u010dine.<\/p><p>Kola\u010di\u0107i ovise o odre\u0111enim zna\u010dajkama koje su omogu\u0107ene u trgovini. Kola\u010di\u0107i su aktivni kada korisnik stupi u interakciju s jednom od ovih zna\u010dajki ili ako dopu\u0161ta izvr\u0161avanje administrativnih funkcija s nadzorne plo\u010de trgovine.<\/p><p>Pojedinosti su navedene u tablicama u nastavku, s popisom razli\u010ditih kola\u010di\u0107a koji su postavljeni za korisnike trgovina s instaliranim dodatkom WooCommerce.<\/p><table><thead><tr><th><span style=\"font-size: 15px; font-weight: 400; text-transform: none;\">NAZIV KOLA\u010cI\u0106A<\/span><\/th><th><span style=\"font-size: 15px; font-weight: 400; text-transform: none;\">TRAJANJE<\/span><\/th><th><span style=\"font-size: 15px; font-weight: 400; text-transform: none;\">SVRHA<\/span><\/th><\/tr><\/thead><tbody><tr><td><span style=\"color: #333333;\">woocommerce_cart_hash <\/span><\/td><td>sesija<\/td><td>Poma\u017ee trgovini da utvrdi kada se mijenja sadr\u017eaj \/ podaci ko\u0161arice.<\/td><\/tr><tr><td><span style=\"color: #333333;\">woocommerce_items_in_cart <\/span><\/td><td>sesija<\/td><td>Poma\u017ee trgovini da utvrdi kada se mijenja sadr\u017eaj \/ podaci ko\u0161arice.<\/td><\/tr><tr><td><span style=\"color: #333333;\">wp_woocommerce_session_<\/span><\/td><td>2 dana<\/td><td>Sadr\u017ei jedinstveni kod za svakog kupca kako bi znao gdje mo\u017ee prona\u0107i podatke o ko\u0161arici u bazi podataka za svakog kupca.<\/td><\/tr><tr><td><span style=\"color: #333333;\">woocommerce_recently_viewed<\/span><\/td><td><span style=\"font-family: Scada, sans-serif; font-size: 18px; font-style: normal; font-weight: 400; letter-spacing: 0.38px;\">sesija<\/span><\/td><td>Pokre\u0107e zna\u010dajku &#8220;nedavno pregledani proizvodi&#8221;.<\/td><\/tr><tr><td><span style=\"color: #333333;\">store_notice[notice id] <\/span><\/td><td>sesija<\/td><td>Omogu\u0107uje kupcima da odbace obavijesti trgovine.<\/td><\/tr><tr><td><span style=\"color: #333333;\">wordpress_test_cookie<\/span><\/td><td>sesija<\/td><td>Koristi se za provjeru jesu li kola\u010di\u0107i omogu\u0107eni za pru\u017eanje odgovaraju\u0107eg korisni\u010dkog iskustva<\/td><\/tr><\/tbody><\/table>\t\t\t\t\t<\/div>\n\t\t\t\t\t\t<\/div>\n\t\t\t\t<\/div>\n\t\t\t\t\t\t<\/div>\n\t\t\t\t\t<\/div>\n\t\t<\/div>\n\t\t\t\t\t\t\t\t<\/div>\n\t\t\t\t\t<\/div>\n\t\t<\/section>\n\t\t\t\t\t\t<\/div>\n\t\t\t\t\t\t<\/div>\n\t\t\t\t\t<\/div>\n\t\t","protected":false},"excerpt":{"rendered":"<p>Kola\u010di\u0107i \u0160to su kola\u010di\u0107i (eng. cookies)? Kola\u010di\u0107i su mali dijelovi podataka, pohranjeni&hellip;<\/p>\n","protected":false},"author":1,"featured_media":0,"parent":0,"menu_order":0,"comment_status":"closed","ping_status":"closed","template":"","meta":{"footnotes":""},"_links":{"self":[{"href":"https:\/\/aurora-experience.com\/index.php?rest_route=\/wp\/v2\/pages\/865"}],"collection":[{"href":"https:\/\/aurora-experience.com\/index.php?rest_route=\/wp\/v2\/pages"}],"about":[{"href":"https:\/\/aurora-experience.com\/index.php?rest_route=\/wp\/v2\/types\/page"}],"author":[{"embeddable":true,"href":"https:\/\/aurora-experience.com\/index.php?rest_route=\/wp\/v2\/users\/1"}],"replies":[{"embeddable":true,"href":"https:\/\/aurora-experience.com\/index.php?rest_route=%2Fwp%2Fv2%2Fcomments&post=865"}],"version-history":[{"count":28,"href":"https:\/\/aurora-experience.com\/index.php?rest_route=\/wp\/v2\/pages\/865\/revisions"}],"predecessor-version":[{"id":1330,"href":"https:\/\/aurora-experience.com\/index.php?rest_route=\/wp\/v2\/pages\/865\/revisions\/1330"}],"wp:attachment":[{"href":"https:\/\/aurora-experience.com\/index.php?rest_route=%2Fwp%2Fv2%2Fmedia&parent=865"}],"curies":[{"name":"wp","href":"https:\/\/api.w.org\/{rel}","templated":true}]}}